{"id":958,"date":"2020-12-18T13:43:03","date_gmt":"2020-12-18T13:43:03","guid":{"rendered":"https:\/\/urbanfabric.pt\/edificios\/edificio-sao-jose\/"},"modified":"2022-01-16T17:28:36","modified_gmt":"2022-01-16T17:28:36","slug":"edificio-sao-jose","status":"publish","type":"edificios","link":"https:\/\/urbanfabric.pt\/en\/edificios\/edificio-sao-jose\/","title":{"rendered":"Edif\u00edcio S\u00e3o Jos\u00e9"},"author":2,"featured_media":0,"template":"","meta":[],"_links":{"self":[{"href":"https:\/\/urbanfabric.pt\/en\/wp-json\/wp\/v2\/edificios\/958"}],"collection":[{"href":"https:\/\/urbanfabric.pt\/en\/wp-json\/wp\/v2\/edificios"}],"about":[{"href":"https:\/\/urbanfabric.pt\/en\/wp-json\/wp\/v2\/types\/edificios"}],"author":[{"embeddable":true,"href":"https:\/\/urbanfabric.pt\/en\/wp-json\/wp\/v2\/users\/2"}],"version-history":[{"count":6,"href":"https:\/\/urbanfabric.pt\/en\/wp-json\/wp\/v2\/edificios\/958\/revisions"}],"predecessor-version":[{"id":1291,"href":"https:\/\/urbanfabric.pt\/en\/wp-json\/wp\/v2\/edificios\/958\/revisions\/1291"}],"wp:attachment":[{"href":"https:\/\/urbanfabric.pt\/en\/wp-json\/wp\/v2\/media?parent=958"}],"curies":[{"name":"wp","href":"https:\/\/api.w.org\/{rel}","templated":true}]}}

Edifício São José
